 w be 28/(-8) - (-1)/2 - (-10 - -6). What is the highest common divisor of t and w?
1
Let w(f) = 54*f**3 + f**2 - 3*f - 4. Let z be w(-1). Let g = 71 + z. Calculate the greatest common factor of 153 and g.
17
Suppose 17*g = -357 + 1411. Let z be 2 - (4/(-5))/((-6)/(-15)). Calculate the highest common divisor of g and z.
2
Suppose q - 1255 = -3*j, -10*j + 8*j = -4*q + 5118. Calculate the highest common factor of q and 440.
44
Let w(s) = 5*s**2 + 42*s - 77. Let m be w(-10). Suppose q - 132 - 15 = 0. What is the highest common divisor of m and q?
3
Suppose -3*a = -q - 13, 5 = -5*a + 30. Suppose i = -4*v - 90, q*i = 4*v - v - 125. Let n = i - -72. What is the greatest common divisor of 2 and n?
2
Let b be 980/126 + (-2)/(-9). What is the highest common divisor of b and 11?
1
Let z(i) = 7*i + 74. Let a be z(-10). Suppose 5*b = 2*h + 206, 42 = b + a*h + 14. What is the greatest common divisor of b and 32?
8
Suppose -28*q = -25*q - 3417. Suppose q = 5*v - 1411. Suppose f + v = 6*f. What is the highest common factor of f and 68?
34
Suppose -3*w = 5*c, -3*w + c - 23 = w. Let z(t) = -t + 2. Let u be z(w). What is the greatest common divisor of u and 133?
7
Let l be 5 - (2 + -3 + 5 + -8 + -457). Calculate the greatest common factor of l and 8.
2
Suppose -t = 6*q - 11*q + 410, 5*t = 2*q - 187. What is the highest common divisor of q and 27?
27
Let l(i) = 6*i**2 - 23*i - 66. Let u be l(10). What is the highest common divisor of u and 228?
76
Let p be (-1*(-1 + 5) + 6)*21. Let t be 46 + -2 + (-2 - 0). Calculate the highest common factor of p and t.
42
Let w be ((-8)/(-1))/((25/(-130))/(-5)). Let d = w + -202. Calculate the greatest common factor of 33 and d.
3
Let l be ((-2)/((-20)/718) - 3)*440/2. What is the highest common factor of l and 43?
43
Suppose 593 = -9*k + 2897. What is the highest common divisor of 96 and k?
32
Let n(g) = g**3 - 2*g - 15. Let s be n(6). Suppose -182*j = -s*j + 357. What is the highest common divisor of j and 3?
3
Suppose 2*n + 3*n = 345. Let y be (5 - 17)*(-3 + n/(-6)). What is the highest common factor of 6 and y?
6
Suppose -m = 7*c - 5*c - 193, 5*m = -3*c + 293. Let y = 21 + c. What is the highest common divisor of y and 52?
13
Let l(z) = -114*z - 12. Let q be l(-3). Let s be -3*(3 - -47*(1 - 2)). What is the highest common factor of s and q?
66
Let t = -4317 + 5069. Calculate the greatest common factor of 517 and t.
47
Let b be ((-42)/(-10))/(11 + (-29032)/2640). What is the highest common divisor of 1584 and b?
198
Let b(l) = -2*l**3 - 20*l**2 + 34*l - 9. Let r be b(-12). What is the greatest common factor of r and 265?
53
Let o = 7906 + -4017. Suppose -17*l = -1551 - o. What is the highest common divisor of l and 5?
5
Suppose 34*v - 48*v + 25*v = 53438. What is the highest common divisor of 56 and v?
14
Let t be 23 + ((-6)/15)/((-11)/55). Suppose 2*j + t = 4*c + 493, -j + 5*c + 228 = 0. Calculate the greatest common divisor of 68 and j.
34
Let w(s) = -s**2 + 6*s + 49. Let b be w(11). Let y be (-1)/(22/45 - b/(-10)). Let h = -1 + 46. Calculate the highest common divisor of y and h.
9
Let t = -19786 - -20398. What is the greatest common factor of 36 and t?
36
Suppose -199*d + 204*d = 17170. What is the highest common factor of 85 and d?
17
Let u = 51 - -13. Suppose -5*d + m + 18 + 46 = 0, 3*m = d - 10. Suppose 4*a - 77 = -d. Calculate the highest common divisor of a and u.
16
Let o = -17 + 24. Suppose 19 = -o*x + 159. Let f(d) = 11*d**3 - 2*d**2 + d. Let t be f(1). Calculate the highest common factor of x and t.
10
Let i = -43 - -31. Let o be ((-64)/i - 5)/((-2)/(-36)). Let j(b) = -b**2 - 41*b - 70. Let k be j(-37). What is the greatest common divisor of k and o?
6
Suppose 56*r = 4454 + 5761 - 2207. Calculate the highest common divisor of r and 407.
11
Suppose 0 = -2*u - 3*j + 168, 58*u - 2*j + 87 = 59*u. Calculate the highest common factor of u and 2075.
25
Let n = 12253 + -10552. Calculate the highest common factor of 1053 and n.
81
Let i(t) = -t**3 - 14*t**2 - 21*t + 60. Let w be i(-12). Calculate the greatest common factor of w and 18204.
12
Let b be (79/(-158))/(1/(-46)). What is the greatest common divisor of 8303 and b?
23
Let y be -1*1*-5*-1. Let n(a) = 10 - 2 - 7*a + 19 - 67 + 12. Let g be n(y). What is the greatest common factor of g and 77?
7
Let n be 4 + -7*37836/(-126). Calculate the highest common divisor of 24 and n.
6
Suppose 8 = -4*g, 0 = -4*o - g + 2*g - 10. Let b(p) = -24*p + 45. Let q be b(o). Calculate the greatest common factor of q and 9.
9
Let b be -1 - -4 - ((-1 - 21) + 2). Suppose -b = 3*p + 7. Let q be (-518)/(-10) + -2 - p/50. What is the highest common divisor of 50 and q?
50
Let t(l) = l**2 + 56. Let m be t(0). Suppose -8 = 26*k - 30*k. Suppose k*q = 3*q + 5*v - 28, v + 36 = 5*q. Calculate the highest common factor of q and m.
8
Suppose 5*z - 26 + 46 = 0. Let j be z/(1498/(-245) + 6). Calculate the greatest common factor of j and 35.
35
Suppose 4*i = 3*r + 19, -34 + 33 = r. Suppose 0 = -i*g + d + 389, 2*g - 238 + 39 = -d. Calculate the highest common divisor of g and 98.
98
Suppose n = 4*t - 14, -197 + 81 = 5*n + 3*t. Let o be 2*93/(-6) - 0. Let x = n - o. Calculate the highest common divisor of 243 and x.
9
Let z be (884/115 + 16/(-184))/((-1)/(-10)). Let m be 20/(-3) - 2/6. Let k(n) = n**2 + 3*n - 9. Let y be k(m). Calculate the highest common divisor of z and y.
19
Suppose 3*h = 3*y - 771, -3*y + 468 = 5*h - 263. Calculate the greatest common divisor of 972 and y.
36
Let p(w) = -2*w**3 + 59*w**2 - 29*w + 125. Let y be p(29). What is the greatest common factor of 5075 and y?
25
Suppose 4*w - 12 = 0, -4*a - 20 = -3*w + 9. Let m be (-4 + 3 - a) + 32. Suppose 2*h - 6 - 2 = 0. Calculate the greatest common factor of h and m.
4
Suppose -2*m + 12 = 0, 3*b - b = 4*m + 20260. What is the greatest common factor of 22 and b?
22
Let q = -1504 - -2274. Calculate the highest common factor of 140 and q.
70
Let m(w) = -9 + w**3 - 547*w**2 + 4*w - 7 - 12*w + 528*w**2. Suppose 4*q - 126 + 46 = 0. Let c be m(q). Calculate the greatest common factor of c and 32.
32
Let k(s) = -445*s**3 - 4*s**2 + s + 6. Let l be k(-1). What is the greatest common factor of l and 2?
2
Suppose -194 - 169 = 3*j. Let q = j - -169. Calculate the greatest common divisor of q and 48.
48
Let d(q) = -q**3 + 13*q**2 + 29. Let x be d(13). Suppose p + 2*u - 10 = 0, -12 = -p + 25*u - x*u. Calculate the highest common divisor of p and 56.
8
Suppose -40 = -4*n + 4*c, 3*n + 3*c = n. Suppose 210 = n*v - 3*v. Suppose 21*f - v = 16*f. What is the highest common divisor of 112 and f?
14
Let j be (3/(-4))/((-2)/56). Let w be 560/6 + (-7)/j. Suppose -9*u + 1703 - 1424 = 0. Calculate the greatest common factor of w and u.
31
Let a(o) = -4*o**2 + 126*o + 68. Let r be a(32). Suppose -p = -0*p - 18. Calculate the highest common divisor of p and r.
2
Let w(t) be the third derivative of -2*t**4 + 14*t**3/3 + 13*t**2. Let o be w(-4). Calculate the highest common divisor of 132 and o.
44
Suppose -10*r + 12*r - 738 = 0. Let z = 8723 - 8682. What is the highest common factor of r and z?
41
Let q be 2/7 - ((-725)/35 + -4). Suppose 5*r = -5*o - 5, o + 5 = 3*r - 4. Let s be 4/o*(-210)/28. Calculate the highest common divisor of q and s.
5
Let j be (3633/12 - -2) + (-2 - 35/(-28)). Calculate the greatest common divisor of 1178 and j.
38
Let r = -39 + 42. Suppose r*q - 3*n - 6 = 0, -3*q - 2*n = -q - 16. Let c be (-1)/q - 7/((-70)/1282). What is the greatest common divisor of c and 16?
16
Let h(l) = -384*l + 248. Let w be h(-52). Calculate the highest common factor of w and 56.
56
Let v(w) = -w**2 + 7*w + 4893. Let z be v(0). What is the greatest common divisor of 21 and z?
21
Let o = 240 + -221. Suppose 1571 = -o*c + 7651. What is the highest common divisor of c and 40?
40
Let k be ((-1278)/4)/((-7000)/7200 + 4/18). Let j be 2/12 + (-213)/(-18). What is the highest common divisor of j and k?
6
Let o(q) = -4*q**3 - 2*q**2 + q + 5210. Let v be o(0). What is the greatest common divisor of 10 and v?
10
Suppose -1126 = -6*i + 1658. Suppose i = -7*t + 36*t. Calculate the greatest common divisor of 1 and t.
1
Let a be (3 - 59)*15/20. Let k be (-2010)/a - ((-2)/14 + 0). Suppose u - 4*u + 36 = 0. What is the greatest common factor of u and k?
12
Suppose 13*r + 14*r - 2